t of a(-10)?
2
Let k(q) = -31*q**3 + 2*q**2 + q. Let d be k(-1). Suppose 30*i + 282 = d*i. What is the tens digit of i?
4
Let k(m) = -m**2 + 6. Suppose 8*d + 30 = 3*d. Let z be k(d). What is the units digit of (-304)/(-10) - (-12)/z?
0
Let a be (23/4)/(1/4). Let h = -20 + a. What is the units digit of h?
3
Suppose -4*r + 125 = -135. Suppose 216 = 5*w + 31. Let t = r - w. What is the tens digit of t?
2
Suppose 8*t - 4*t = 12. Suppose v + 4*h - 10 = -v, 5*v + 3*h = -t. Let i(b) = -2*b + 4. What is the tens digit of i(v)?
1
Let g(k) = k**2 + 12*k + 26. Let n be g(11). Suppose -d = -3*j - 279, 0 = 2*j + j - 4*d + n. Let h = j + 135. What is the units digit of h?
2
Let a be (5 + -6)/(2/(-8)). Suppose a*q - 7 = 53. Suppose 2*x = q + 5. What is the units digit of x?
0
Suppose -3*n + 6*n = 0. Suppose 5*z = -n*z. What is the tens digit of 28 + z - (-3 + 5)?
2
What is the tens digit of 194/5*-40*5/(-10)?
7
Let n be 418/7 - 8/(-28). Suppose 47*p - n = 44*p. What is the tens digit of p?
2
Let r = 52 + -61. Let y(s) be the third derivative of -s**5/60 - 5*s**4/12 + 3*s**3/2 + s**2. What is the units digit of y(r)?
8
Let v be (6/(-4))/((-5)/(-190)). Let l be (-1)/((2 - -1)/v). Suppose -l = -g + 4. What is the tens digit of g?
2
What is the hundreds digit of (4/(-26) - 3862/78)*-6?
2
Let z(u) = -u - 3. Let m be z(-4). Suppose -3*t + 2*x + 106 = 0, -x = 2*t - 74 + m. What is the units digit of t?
6
Let l = 162 - -529. What is the hundreds digit of l?
6
Let p = 2152 - 1348. What is the units digit of p?
4
Suppose 260 = -4*y - 4*h, 2*h + 123 = -3*y - 69. Let r = 21 - y. What is the units digit of r?
3
Let k(n) = -n**2 + 5*n - 6. Let s be k(3). Suppose s = j - 0*j - 17. Suppose 2*l - j = 37. What is the tens digit of l?
2
Suppose -146 = -2*m + 5*r + 259, 2*m = -4*r + 450. Suppose -36*d + 37*d = m. What is the tens digit of d?
1
Let a = -18 + 46. Let s = a + -13. Suppose s = 4*j - 3*j. What is the tens digit of j?
1
What is the tens digit of (1431/(-108))/((-1)/108)?
3
Let y(s) be the third derivative of s**4/3 - 3*s**3 - 7*s**2. What is the tens digit of y(9)?
5
Let n be (-1)/(2/(-4)) + -18 + 18. Suppose 0 = -n*b - 2*b + 1056. What is the tens digit of b?
6
Suppose 117 = -g + 3*p, 5*p = -4*g - 316 - 152. Let a = 292 + g. Suppose 5*q = -5*b + a, 4 - 1 = b. What is the tens digit of q?
3
Suppose -5 = -2*s + 1. Suppose 4*o + 4*t = -0*t + 184, -s*o - t + 138 = 0. What is the tens digit of o?
4
What is the tens digit of 16/6*(-12096)/(-21)?
3
Let c(z) = 3*z**2 + 11*z + 3. Suppose 0 = -4*r + 4, 4*r - 13 - 15 = 4*l. What is the tens digit of c(l)?
4
Let g = 9245 + -5762. What is the tens digit of g?
8
Suppose 3*s + 6 = 0, -y - 860 = -2*y + 2*s. What is the tens digit of y?
5
Let u(y) be the first derivative of -y**4/4 - 2*y**3 - 5*y**2 + 18*y + 37. What is the units digit of u(-8)?
6
Suppose -g - 2240 = -3*f, -7*f + 2*f + 3738 = -4*g. Suppose -r + 452 = 3*n, 5*n - r - f = r. What is the units digit of n?
0
Let c(q) = 2*q**2 + 8*q + 10. Let n be c(-2). Suppose n*y = 7*y + 5*a - 130, 0 = 4*y + 2*a - 96. What is the tens digit of y?
2
Let s be -5 + ((-4)/10 - 1290/25). Suppose -3*b + 5*b + 234 = 0. Let d = s - b. What is the tens digit of d?
6
Suppose -4 = 3*t - 4*t. Suppose -2*q = -t*j - 0*j + 6, -q - 3 = 2*j. Suppose 0 = -4*v + 5*h + 196, j = 4*v + 6*h - 4*h - 196. What is the units digit of v?
9
Let r = 1 + 5. Suppose -5*v - 2*p - 16 = -7, -4*p = -2*v + r. What is the units digit of (v - -3 - -8) + -2?
8
Let h = -155 + 750. What is the hundreds digit of h?
5
Let t = 6016 - 2738. What is the hundreds digit of t?
2
Let k(j) be the first derivative of -9*j**2/2 - 4. Suppose 5*i = -7 - 8. What is the tens digit of k(i)?
2
Let p = 1456 - -742. What is the thousands digit of p?
2
Let w(v) = 844*v**2 + 4*v - 8. What is the tens digit of w(1)?
4
Let x(o) = -67*o + 2. What is the units digit of x(-8)?
8
Let v(a) = 12*a - 4. Let q = -32 - -41. What is the hundreds digit of v(q)?
1
Suppose 2*w - 6 = -5*m, -4*w + 2 = 3*m - 10. Let x be 6 + w*12/(-9). What is the units digit of (-2 + 3)/x*58?
9
Let u(n) = 222*n - 196. What is the thousands digit of u(13)?
2
Let f(p) = 3*p + 5. Let a be f(-2). Let m = a - -56. What is the tens digit of m?
5
Let v(r) = r**2 + 16*r - 8. Let m(d) = 2*d - 1. Let w be m(-9). What is the units digit of v(w)?
9
Let x = 14 + -12. Let p be (3 - x)/(2/70). Suppose 4*u + h - 2 = p, 0 = 4*h - 20. What is the units digit of u?
8
Let k = -1144 - -539. Let l = -416 - k. What is the hundreds digit of l?
1
Let l(x) = -3555*x**3 - x**2 - x - 1. What is the hundreds digit of l(-1)?
5
Let h(v) = 18*v**2 - 32*v + 1. What is the units digit of h(6)?
7
Suppose -2*c + 6*c = v + 15548, -2*c = -4*v - 7774. What is the thousands digit of c?
3
What is the tens digit of (-15)/3*(-1104)/60?
9
Let h(w) = 4*w - 4. Let d be h(3). Suppose c - z = d, 5*c = -4*z + 1 + 3. Suppose c*n - 6*f = -2*f + 180, 204 = 5*n + 2*f. What is the units digit of n?
2
What is the units digit of 1992/(-96)*(-43 + -1)?
3
Let r(a) = -a**3 - 17*a**2 - 19*a - 19. Let i be (2/(-4))/((-4)/(-128)). What is the tens digit of r(i)?
2
Let b = -1228 - -2087. What is the hundreds digit of b?
8
Let o be (-2)/5 - (-360)/25. Let y(n) = 4*n - 10. Let z be y(o). Let f = z + -21. What is the tens digit of f?
2
Let z(i) = -2*i - 9. Let s be z(9). Let j = 52 + s. What is the tens digit of j?
2
Let d(g) = -51*g + 1060. What is the tens digit of d(-70)?
3
Let o(n) = n**3 + 2*n**2 - 2*n + 7. Let d be o(-3). Suppose 459 = d*t - t. What is the tens digit of t?
5
Let x(q) = -23*q**3 + q**2 - q - 1. Let w be x(-1). Let d be w/(-60) + (-527)/(-5). Suppose 6*j = j + d. What is the tens digit of j?
2
What is the hundreds digit of 1331 + 72/(-48)*(-20)/(-6)?
3
Let c(x) = -x**2 - 11*x + 3. Let y be c(-11). Suppose -4*f = -y*f - 36. What is the units digit of f?
6
Let l = 12 - 9. Let j(v) = -2 + 2*v**l - v**3 + 0*v - 2*v + 6*v**2. What is the units digit of j(-5)?
3
What is the units digit of (9042/(-55))/(((-6)/45)/2)?
6
Let i = 960 - 539. What is the hundreds digit of i?
4
Let g(n) = 196*n + 6. What is the hundreds digit of g(2)?
3
Suppose j = -2*j, -u - 2*j + 8 = 0. Suppose 434 = -u*x + 15*x. What is the tens digit of x?
6
Suppose 5 - 1 = 4*h. What is the tens digit of 41/h + -1 + 3?
4
Let n be ((-116)/(-8))/(4/(-16)). Let f = n - -301. What is the units digit of f?
3
Suppose p + 5*t = 4*p - 16, -3*t - 6 = 0. Suppose -2520 = -7*v - p*v. What is the tens digit of v?
8
Suppose -6*q + 1445 - 269 = 0. What is the units digit of q?
6
Suppose 16 - 1 = 5*y. Suppose -w - y*w = -8. What is the tens digit of (67 - -3) + 1 + w?
7
Let x be (-8 + 7)/(-1 - 13/(-14)). Suppose -f + x = -4. What is the tens digit of f?
1
Suppose 2*o - 6*o - 952 = 0. Let z = o - -434. What is the tens digit of z?
9
Suppose -31*d + 36*d + 5*a - 8525 = 0, d - 1693 = -4*a. What is the hundreds digit of d?
7
Suppose -6*u + 9166 = 994. What is the tens digit of u?
6
Let y(w) be the first derivative of w**3/3 - 3*w**2/2 - 5*w + 4. What is the units digit of y(-3)?
3
Let m = 33 - 17. Let z be (-2)/(47/m - 3). Suppose 0*w - z = -4*w. What is the units digit of w?
8
Let w = 3551 - 2340. What is the tens digit of w?
1
Suppose 5*h + 3*b - 1101 = 0, -h + 2*h + 5*b = 207. Suppose h - 54 = 4*l. What is the tens digit of l?
4
Let g be 5 - (-1 + (-1 - -6)). Suppose 0 = -p + 65 + g. What is the units digit of p?
6
Let y(r) = 8*r**2 - 3 - 5*r + 0*r**2 - 6*r**2 - 3*r**2. Let q be y(-3). Suppose -6*m = -q*m - 96. What is the tens digit of m?
3
Suppose 0 = f - 2*o - 390 - 331, -716 = -f + 3*o. Suppose -f + 275 = -3*b. What is the hundreds digit of b?
1
Let s = 57 + -54. Suppose 4*o - s*i = -o + 160, -128 = -4*o - 4*i. What is the tens digit of o?
3
Suppose 0 = -m + 1 + 2, 3*h - 5*m = -6. Suppose 6*p + h*s + 209 = 2*p, 0 = 4*p + 4*s + 208. Let r = -8 - p. What is the tens digit of r?
4
Let j be (-6)/57 + 540/76. Suppose -2*n - 2*q = -4, -5*n + 1 = -j*n + 3*q. What is the units digit of n?
1
Let j be 2/7*(-1 + 15). Suppose 0 = j*c - 4. Suppose 5*m - 39 = c. What is the units digit of m?
8
What is the tens digit of (-3744)/(-270) - 2/(-15)?
1
What is the units digit of ((-2)/3)/(220/(-132330))?
1
Let m(i) = -5*i + 2. Let w(n) = 26*n - 10. Let z(t) = -11*m(t) - 2*w(t). Let g be z(12). L